 -4 - (2 - (6 - 3))
-5
What is (-2 - 2) + 4 - 12?
-12
Evaluate (-8 - (3 + (6 - 20))) + (-5 - 1).
-3
7 - (34 - ((6 - -5) + -4) - 8)
-12
What is 28 - 35 - (-1 - (-16 + 0))?
-22
((-1 - 0) + -5 - 2) + 19
11
What is 7 + -15 + (-50 - -46)?
-12
Evaluate -2 - -12 - (1 - -14).
-5
(0 + 13 - (-2 - -10)) + 10
15
-7 - (-163 + 165 - (-17 - -1))
-25
Calculate -13 + (12 - -3) + 3 + -3.
2
What is the value of (-18 + -2 - (-6 + -11)) + -2?
-5
What is 51 - 48 - (0 - -2)?
1
14 - -7 - 20 - (24 + (0 - 1))
-22
What is the value of 1 + (-2 - -1) + (5 - (-16 - -16))?
5
(3 - -1) + (-9 - (-13 + 6)) + -11
-9
Evaluate (-21 - (28 + -20)) + 54.
25
Evaluate -8 - (-3 + -12 - -7).
0
What is (2 - -24) + 0 + (70 - 77)?
19
Calculate -5 + (26 + 15 - (-5 - -16)).
25
-37 + 28 - (2 - 7) - (-1 + 5)
-8
Evaluate -34 + (13 + 16 - -12).
7
-1 + -8 - (24 + -19 + 9 + -3)
-20
Evaluate 165 - 166 - (1 + 8) - -22.
12
(14 - 6 - 15) + 23 + -6
10
What is the value of (33 - (60 - 8)) + 39?
20
What is the value of (-4 - 1) + (5 - 8 - (2 - 6))?
-4
Evaluate 9 + -6 + -3 + 9 - (1 + -7).
15
Calculate -22 - (-16 - (-3 + (-6 - -4) + -3)).
-14
8 - ((22 - 24) + (-1 - 2))
13
-22 + 47 + -26 + 12 - (-1 - -34)
-22
(-4 - -13) + -4 + (14 - 15) + -18
-14
-8 + (17 - (15 - 16)) - 17
-7
Evaluate -41 + 40 + (9 - ((2 - -5) + -5)).
6
Calculate (-13 - 16) + -5 + 26.
-8
-16 - (-14 + 10 - 20) - (47 - 1)
-38
Evaluate 1 + -7 + 21 + 2 - 4.
13
What is the value of 23 - 4 - (-8 + -7)?
34
What is the value of 37 + 35 + -70 + -2 + 1 + 12?
13
What is the value of 10 + 2 + -11 + 4 + (48 - 36)?
17
5 + (-5 - (-11 - -29))
-18
Calculate 6 + (1 - -15) + -16 - (2 + -4).
8
41 + -45 + 27 - 14
9
Evaluate 2 + -5 - (-7 + 2 - (-38 + 34)).
-2
What is the value of -1 - (0 - ((-8 - -1) + 22))?
14
Evaluate 7 + -2 - 0 - (96 + -92).
1
Calculate 13 + 12 + 0 + -19 - -2.
8
2 + -26 + (15 - -9) + -16
-16
-26 + 4 + 44 + 3
25
What is the value of 19 + 1 + -3 + -4 + -4 + 1?
10
(4 - (8 + -3)) + -5 - -10 - -3
7
What is -24 - (-1 - -10) - (-2 + -11)?
-20
Evaluate (36 - (23 + 5)) + 5.
13
-6 - -4 - (-2 + (-3 - -1) - -16)
-14
Evaluate 3 - (-45 - -35 - -36).
-23
14 + -1 + 49 + -60 - (3 + -17)
16
-34 + -35 + 56 + 4
-9
What is the value of (5 + -11 - 28) + 8?
-26
What is the value of 4 + 1 - (10 - 2)?
-3
What is the value of 6 - (-6 + -2 + (0 - -5) + -1)?
10
What is (4 - 3 - (1 + -14)) + 169 + -174?
9
-38 + 7 + 5 - -27
1
What is the value of -1 - -2 - (1 - 10 - (17 + -5))?
22
Evaluate -3 + (8 - 6) + (1 - 14).
-14
Evaluate (-12 + 15 - 15 - -19) + 0 + 3.
10
Calculate (-11 - (17 + -41)) + 10 + (-5 - 0).
18
What is the value of 66 + -61 + (0 + 5 - 32)?
-22
Calculate 3 + 13 + 13 + -22.
7
Calculate 11 + (26 - 38) - 3.
-4
-6 + -4 + 1 + 6
-3
What is the value of -9 + -3 + 2 + 18?
8
What is the value of 1 + -6 - (-2 + (1 - 6 - -4))?
-2
What is the value of 21 + -23 + 3 + 10?
11
What is the value of -1 + -5 - (-153 + 134)?
13
What is the value of (-39 - -19 - -36) + -31?
-15
What is (21 - 1) + (-18 - -4)?
6
Evaluate 0 - (3 + -11 - 0).
8
Evaluate -8 + 5 + 3 - (4 + -17 + 0).
13
Calculate 15 - (-10 + 55 + -17).
-13
Calculate -9 + 4 - (11 - (1 - -1) - -4).
-18
What is the value of 52 + 4 + (-4 - 28)?
24
34 + 4 + (-13 - (-18 + 17))
26
What is the value of 14 - (4 + -9 - -5) - (54 + -59)?
19
11 + -9 - (-7 + (-3 - 0) + 5)
7
Calculate (5 - (-17 - -14)) + -26 + (2 - 4).
-20
23 + -13 + -8 + -8
-6
Calculate 11 + -1 - (17 - -3).
-10
What is (12 - 10) + -30 + 5?
-23
What is the value of -14 + 0 + (4 + -4 - -4)?
-10
(6 - -2) + 32 + -26
14
What is the value of -3 + 3 + (14 - (-4 + 8 + -5))?
15
What is the value of -8 + 27 + -3 - (-3 - -5)?
14
What is -14 + 25 + -6 + 14?
19
What is the value of -6 + 9 + -4 + 21 + (7 - -2)?
29
(5 - (11 + -17 + 6)) + (0 - -9)
14
Calculate -2 + -5 + -4 - (7 - (-1 - 0)).
-19
What is the value of -2 - (21 - 0) - (-113 + 101)?
-11
What is the value of 316 - 328 - (4 - -1)?
-17
1 + -6 + 9 + 0 - (-2 + 1)
5
Evaluate 0 - -19 - (23 + 14 + -27).
9
What is the value of 19 + -12 - (8 + -21) - 1?
19
Calculate (0 - 4) + -5 + (-1 - 3) + 14.
1
347 + -378 + 37 + 5
11
What is 1 + (0 + -25 - -1)?
-23
Evaluate -33 - (-5 + -3 - (-7 - (6 - 6))).
-32
Calculate -19 - (2 + -12 + 7).
-16
Evaluate -780 + 792 - (-2 - -7).
7
Calculate 0 + -9 + (6 - (13 - 16)).
0
16 - 8 - -1 - 8 - (8 - 1)
-6
Calculate (6 - (28 - 7)) + -13.
-28
What is the value of -4 + 0 - ((-10 - 2) + 22 + -26)?
12
-22 + 4 - (-5 + -20)
7
What is the value of ((-6 - -9) + -6 - -9) + -1?
5
What is the value of 24 + (-40 - -9) + -1 + 0 + 12?
4
Evaluate (-12111 - -12108) + 1 + -3 + 1 + -6.
-10
What is -2 - -13 - ((-17 - -43) + 5 + -2)?
-18
Evaluate 6 + -12 + -1 + 1.
-6
What is the value of -9 - (-8 + 6 - -3) - -6?
-4
Calculate 33 + 25 + -62 + 18 + 0.
14
Calculate -22 + 17 + -14 + (9 - 3) + -8.
-21
Calculate -13 + (-32 - -15) + 30.
0
Evaluate 23 - 19 - ((2 - 3) + 14).
-9
What is 3 - -4 - (-3 + (9 - 11))?
12
Evaluate (6 + -13 - (-15 + 18)) + 12.
2
What is the value of 20 - (-1 - (-11 + 7 + 4 + 2))?
23
What is the value of (-6 - -29) + -44 - -9?
-12
What is -115 + 115 + (-13 - 1 - 0)?
-14
Evaluate -6 + 0 - 0 - (-7 + 6 + 2).
-7
(104 - 120) + (-2 - -7)
-11
Evaluate 2 + -1 + (1 - 4) - (622 - 632).
8
Evaluate -1 - (-4 - (-9 - -3)) - (-45 + 61).
-19
-14 - ((1 - 4) + -22)
11
Calculate 9 + -49 - (19 + -48).
-11
What is the value of -66 + -19 + 73 - (1 - (10 + -2))?
-5
(4 - (21 + -9)) + (-9 - -7)
-10
Evaluate -10 - (-58 - (7 + -35)).
20
Evaluate (4 - 1) + (11 - -8 - (2 + 7)).
13
What is the value of 2 + 0 + -39 + (5 - (1 - 5))?
-28
What is the value of 1 + (-5 - 1) + 179 + -175?
-1
What is the value of 4 - -2 - (36 - 28 - -5)?
-7
What is (-32 - -14) + 17 - -18?
17
Evaluate -3 + -3 + 1 + -1 + -8.
-14
Evaluate -1 + -5 + 7 + -17 + 0 + -2.
-18
Evaluate (-6 - (-8 - 0)) + 22 + (-6 - 10).
8
Evaluate 6 + 0 + -1 + -41 + 52 + -18.
-2
What is 39 - -6 - (-115 - -174)?
-14
(2 - -1 - (19 - (-2 - -26))) + -7
1
Evaluate (17 - -18) + -10 + (-7 - (1 + 0)).
17
What is -1 + 15 - (1121 - 1087)?
-20
What is -28 + (8 + 3 - -3)?
-14
-25 + (2 - (-20 + (44 - 7)))
-40
What is 7 - 1 - (5 + (6 - 5))?
0
(1 - 2 - 10) + (-4 - (-20 + -9))
14
(-5 - (6 - 14) - -6) + -8 + 1
2
Calculate 10 + 6 + (9 - -2) + -5 + -1.
21
What is -4 + -2 - (75 - 30 - 35)?
-16
What is the value of (1 - (31 - 15)) + 16 + (11 - 0)?
12
Calculate -6 + 45 + (-321 - -277).
-5
What is (-26 - -9) + 1 + 16?
0
(-3 - (2 + -4)) + (-3 - (-4 - -1))
-1
(0 - (-1 + 14)) + 29 + -28
-12
1 + 3 + -401 + 387
-10
What is 9 + 14 + -17 + 1?
7
What is (-37 - (-20 + -4)) + 3?
-10
-1 - 10 - ((30 - (6 + 12)) + 6)
-29
Evaluate 5 - -6 - (-2 + -2).
15
What is the value of 2 - 3 - 1 - (-4 - (-35 - -16))?
-17
Evaluate (1 - 16) + -6 - -9 - -25.
13
What is the value of -20 + -13 + 41 + 14?
22
What is 9 + (4 - -4 - 1 - 0)?
16
What is 36 + -32 + 8 - -13?
25
What is the value of -48 - (-36 + (18 - -6))?
-36
What is the value of -8 + 5 + (-1 - 4) - -18?
10
Evaluate -4 - (-14 + 1 + 16).
-7
-4 + (-11 - (1 + -14) - -1)
-1
What is (-84 - -113) + (-3 - -4) + -7?
23
What is -1 - (12 + (32 - 12 - 2))?
-31
What is the value of -4 + 15 + 1 + -3 + -4?
5
What is 0 - 2 - (9 + 0 - (-3 - -4))?
-10
What is the value of -11 + 10 + 13 + -8 - (1 - 17)?
20
Evaluate -18 - (-3 - -7) - (14 - 25).
-11
What is the value of (-1 - (0 + 2 - 12)) + (711 - 708)?
12
Calculate (-15 - -2 - -4) + (-20 - -36).
7
Evaluate -11 + 21 + -4 + -25.
-19
-15 + 26 + (1 - 14)
-2
What is 7 + 3 - (-110 + 126)?
-6
What is the value of (7 - -9) + (12 - 18)?
10
Calculate 0 - (-1 - (1 - -3)) - (-40 - -35).
10
-2 + (10 - 21) - -7
-6
Calculate 0 + -1 + (-3 + 10 - 3) + 13.
16
What is the value of 7 + ((-3 - 5) + 5 + 0 - 4)?
0
Evaluate -70 - -12 - -49 - (0 - 0).
-9
1 - (11 + -4) - -5 - (32 + -33)
0
What is -8 - ((1 - (5 - -3)) + 7 + -1)?
-7
Calculate -38 + 41 + -1 - (15 + 1 - -2).
-16
What is the value of -14 - (3 - 4 - (-9 - -13))?
-9
1 + 1 + (11 - -7 - -1) + -6
15
What is the value of -36 + (-28 - (-56 + -3))?
-5
Calculate -39 - (38 + -81 + 33).
-29
What is -7 - (7 - -2 - (-9 + 7) - 3)?
-15
Evaluate -56 + 66 - (-1 - 2 - (25 - 10)).
28
Calculate 9 + (4 - 11) - (10 + 4 + 4).
-16
What is the value of 12 - (-25 + 22 - -25) - (7 - -1)?
-18
What is 17 - (-2 + 7 + 1 + (-9 - -7))?
13
Calculate -16 - -2 - (44 + -18 - 33).
-7
Calculate -28 + (-28 - (-25 + -29)).
-2
What is 56 - ((-25 - -6 - -